- 339. List the prime factors of f.
113
Let y = -4276 + 2721. Let q = y - -2992. What are the prime factors of q?
3, 479
Let h = 7 + -5. Suppose -n = -3*u - 902, 3*n = -h*u + 198 + 2464. What are the prime factors of n?
2, 5, 89
Suppose 4*s = 2*s - 6. Let r(f) = -4*f**2 - 3*f - 2. Let j(d) = 4*d**2 + 4*d + 3. Let a(b) = s*j(b) - 4*r(b). What are the prime factors of a(-1)?
3
Suppose 5*j + h = 27, 0*j - 2*j = -5*h. Let c(g) = 18*g**2 + 5*g + 1. Let r(y) = -y**2 - y - 1. Let k(z) = j*r(z) + c(z). List the prime factors of k(3).
113
Let o(v) = -132*v + 15. Let t be o(-12). Let a = t + -611. Suppose 0*c = -3*c, -a = -4*p - c. What are the prime factors of p?
13, 19
Let f(m) be the first derivative of 3*m**4/4 + m**3 + 2*m**2 - 2. Let d = 3148 - 3145. List the prime factors of f(d).
2, 3, 5
Suppose -6*r = -4*p - 3*r + 56, 4*p + 5*r = 24. Suppose -p*l + 16*l = 30. What are the prime factors of l/18 + (760/(-6))/(-1)?
127
Let q(h) be the second derivative of -h**5/20 + h**3/6 + h**2 + 22*h. Let w be q(0). What are the prime factors of w + (-3)/(2 - 11/4)?
2, 3
Let g = 195 + -216. What are the prime factors of 24/84 - 6609/g?
3, 5, 7
Let g = 76 + -72. Suppose -g*n - 4*n + 3*n = 0. What are the prime factors of (-8)/(-10)*(5 + n) - -194?
2, 3, 11
Let y = 37 + -63. Let u be -4*(-28)/12*6. Let f = u + y. What are the prime factors of f?
2, 3, 5
Suppose 3 - 23 = -5*x. Suppose 16 + 20 = x*d. Suppose 0 = d*l - 229 + 49. List the prime factors of l.
2, 5
Let u(q) = 464*q + 2564. List the prime factors of u(21).
2, 17, 181
Suppose 1340064 = 9466*i - 9434*i. List the prime factors of i.
3, 11, 47
Let b(y) be the first derivative of 5*y**4/2 - 22*y**3/3 - y**2/2 - 6*y - 45. What are the prime factors of b(5)?
13, 53
Let r(b) = b**3 - 16*b**2 + 22*b - 82. Let c be r(15). Suppose -c*i - 2*i = -5750. What are the prime factors of i?
2, 5, 23
Suppose 45*p - 1127077 = -47*p + 253199. What are the prime factors of p?
3, 1667
Suppose 4*q + u - 59994 = 0, 44253 = 3*q + 4*u - 723. List the prime factors of q.
2, 3, 5
Suppose -90*r - 5*r = -968430. What are the prime factors of r?
2, 3, 1699
Let z(a) = 12*a + 110. Let b be z(6). Suppose -2218 = -5*s + b. What are the prime factors of s?
2, 3, 5
Let w(z) = 3*z - 4*z - 4*z - 4 - 7. Let n = -2 + -5. List the prime factors of w(n).
2, 3
Suppose 54*g = 58*g - 20. Suppose -k - g*v = -57, -6*v = -2*k - 8*v + 74. What are the prime factors of k?
2
Let c = -178 - -182. Suppose -i - c*x + 5*x = -612, x = -i + 602. What are the prime factors of i?
607
Suppose -1878 = 21*r - 148668. Suppose -88*k = -73*k - r. List the prime factors of k.
2, 233
Suppose 30*y = 11*y + 855. Let r = 145 - y. List the prime factors of r.
2, 5
Let p(s) = 130*s + 347. What are the prime factors of p(25)?
3, 11, 109
Let h(f) = -823*f + 1378. List the prime factors of h(-13).
13, 929
List the prime factors of -3 - (1356/(-4746) - -408441*(-1)/7).
2, 29173
Suppose 12*z - 7*z + 3*b - 43776 = 0, -5*z - 2*b + 43779 = 0. List the prime factors of z.
3, 7, 139
Let k(f) = -4*f**2 - 15*f + 84. Let m be k(0). Let a be ((-12)/(-9))/(-2)*-3. List the prime factors of m - (5 - (a - (-4 - -4))).
3
Suppose -3*g + 2*g - 12886 = -4*h, 2*g = -4*h + 12880. List the prime factors of h.
3221
List the prime factors of ((-117)/(-26) - 25/5)*-112322.
7, 71, 113
Suppose -h + 2*l + 3025 + 3637 = 0, 0 = -2*l. List the prime factors of h.
2, 3331
Let p = -135 - -132. Suppose 6*n = n + 30. What are the prime factors of n*12 - -3 - p?
2, 3, 13
Suppose -4*y + 79 - 11 = 0. Let o(r) = -r + 103 - y + 4. List the prime factors of o(0).
2, 3, 5
Suppose -m + 7850 = 5*t, -4*m + 31*t - 34*t = -31349. What are the prime factors of m?
5, 1567
Suppose 0 = -4*x - 2*x + 438. Let z(q) = -244 + 244 + x*q. List the prime factors of z(3).
3, 73
Let g = 8388 + -2276. List the prime factors of g.
2, 191
Let m = 24012 + 5195. What are the prime factors of m?
29207
Let n = 136 + 486. What are the prime factors of n?
2, 311
Let n(i) = -i + 9. Let y be n(6). Suppose 5*b - a - 123 = 3*a, 9 = y*a. Suppose -140 = -2*c - 2*u, 0 = c - 3*u - 97 + b. What are the prime factors of c?
2, 5, 7
Let r be (-1 - -17) + -5 + 8. Let q = 22 - r. Suppose q*i - 27 + 109 = t, 5*t = i + 396. List the prime factors of t.
79
Let l be (-6)/(-2) + (308 - -25). Suppose 1976 = 338*x - l*x. What are the prime factors of x?
2, 13, 19
Let j(g) = 4*g + 60. Let l be j(-12). Let k be -2 + ((-221)/(-3))/((-4)/l). Let a = 320 + k. List the prime factors of a.
97
Let l = 198 + 21. Let p be 1541/299 - (-2)/(-13). Suppose 231 = p*i - l. What are the prime factors of i?
2, 3, 5
Let h = 1004 - -2710. List the prime factors of h.
2, 3, 619
Let b(i) = 33*i**2 - 39*i - 4. Let o(g) = -98*g**2 + 119*g + 13. Let c(x) = -11*b(x) - 4*o(x). List the prime factors of c(-6).
2, 659
Suppose 2*k - i = -596, -15*i + 892 = -3*k - 13*i. List the prime factors of 5*6/k + (-1441)/(-10).
2, 3
Suppose 8 = 2*x, -3*q + 18*x = 13*x - 65272. What are the prime factors of q?
2, 5441
Suppose -4*c - 7*i + 2*i + 82 = 0, -2*i = 2*c - 42. Suppose -c + 3 = 4*k, 0 = h + 2*k - 1096. What are the prime factors of h?
2, 7, 79
Let m be -5 + 130/(-52)*-2*2. Suppose -w + 2*p = -661, -m*w - 5*p = 92 - 3352. What are the prime factors of w?
5, 131
Let q be 933*(2/3)/((-6)/9). Let c = 2028 + q. What are the prime factors of c?
3, 5, 73
Suppose 4*o - 8 = -2*y, -6*o = -o + 3*y - 12. Suppose 3*l + 0*z - 909 = 3*z, -l + 4*z + 291 = o. Suppose -45 + l = n. List the prime factors of n.
2, 131
Suppose 2*y - 5784 = -3*g + 3565, 0 = -4*g - 20. What are the prime factors of y?
2, 2341
Let t(g) = g**3 + 9*g**2 - 6*g - 1. Suppose 0 = b - 4*p - 41, -b - p + 5 + 11 = 0. Suppose 9 = -5*u - b. What are the prime factors of t(u)?
11, 13
Let w(y) = -y**3 - 7*y**2 + 5*y - 20. Let a(b) = -3*b**3 - 22*b**2 + 15*b - 60. Let v(r) = -2*a(r) + 7*w(r). List the prime factors of v(-8).
2, 3, 11
What are the prime factors of 1506654/56 + (-4)/14 - 673/2692?
2, 3, 19, 59
Let j = 924 - 1675. Let h = j + 1538. What are the prime factors of h?
787
Let t(n) = -4*n**2 + 29*n - 31. Let a be t(19). Let c = 1611 + a. What are the prime factors of c?
3, 229
Let c be 4*(-2 + (-35)/10)*-410. Suppose 9*k - c = -2639. List the prime factors of k.
709
Let p = 133187 - 58078. List the prime factors of p.
75109
Suppose 3*i = 2*w - 987, 6 - 11 = 5*i. List the prime factors of w.
2, 3, 41
List the prime factors of ((-504)/(-20))/((-16)/(-1860)) + (-26)/52.
29, 101
Let i be (-1 + (-10)/(-8))*120/10. Suppose -5*x + 3*r - 1199 = -4989, -2298 = -i*x - 3*r. List the prime factors of x.
761
Let k = 9988 + -9089. List the prime factors of k.
29, 31
Let w(r) = 2*r**3 + 4*r**2 - 38*r + 23. Let u(b) = -2*b**3 - 5*b**2 + 37*b - 22. Let k(h) = 2*u(h) + 3*w(h). What are the prime factors of k(9)?
5, 257
Suppose 8*u - 8225 = -17*u. Let f = 269 + u. What are the prime factors of f?
2, 13, 23
Let y = -5120 - -5192. Suppose -5*v + 49 = -2*g, -6*g = -3*g + 3*v + 63. Let z = g + y. What are the prime factors of z?
2, 5
Let q(i) = 118*i + 3122. What are the prime factors of q(27)?
2, 19, 83
Suppose -8*l + 2 = -38. Suppose 3*p + 1 = 3*q - 2*p, 0 = 4*q - l*p - 3. Suppose 5*x + b = 198, -3*b + 6*b + 86 = q*x. What are the prime factors of x?
2, 5
Let i = 416 - 402. What are the prime factors of 6 - (-27)/6*i?
3, 23
Let t(m) = -m + 12. Let j be t(9). Let s = 8 - j. Let h(i) = 40*i + 6. List the prime factors of h(s).
2, 103
Let c(f) = 13*f**3 + 21*f**2 + 73*f + 19. Let d(w) = -7*w**3 - 10*w**2 - 36*w - 10. Let k(y) = -4*c(y) - 7*d(y). List the prime factors of k(-6).
2, 3, 7
Suppose 10*i - 1854 = 6*i - 2*q, -474 = -i - 4*q. Suppose 1878 = 5*s + n, 4*s - 1023 = 5*n + i. What are the prime factors of s?
3, 5
Let l(i) = -19*i + 77. Let f(j) = -6*j + 26. Let h(t) = -8*f(t) + 3*l(t). Let r be h(6). Let q = 107 + r. What are the prime factors of q?
2, 19
Let x(m) = 87*m**2 - 4*m - 2*m - 86*m**2 - 12*m + 35. Let a be x(16). Suppose 5*j - 650 = -a*f, 4*f - f = 3*j - 366. What are the prime factors of j?
127
Let b = -624 + 663. Let q = -2 + 4. Suppose -z + b + 24 = -2*a, q*z - 114 = a. What are the prime factors of z?
5, 11
Let p = -191 + 201. Suppose 4*m + 1182 = 2*v, -m + 5 = p. List the prime factors of v.
7, 83
Let a(d) = 1928*d**2 + 21*d + 20. What are the p